 thousands digit of 96404?
9
What is the thousands digit of 29782?
9
What is the hundreds digit of 1011?
0
What is the hundreds digit of 152?
1
What is the hundreds digit of 374?
3
What is the thousands digit of 8007?
8
What is the thousands digit of 17245?
7
What is the hundreds digit of 15364?
3
What is the ten thousands digit of 23118?
2
What is the hundreds digit of 153762?
7
What is the thousands digit of 5693?
5
What is the thousands digit of 91477?
1
What is the hundreds digit of 3184?
1
What is the units digit of 874?
4
What is the hundreds digit of 52178?
1
What is the hundreds digit of 2949?
9
What is the ten thousands digit of 35783?
3
What is the tens digit of 5060?
6
What is the hundreds digit of 7267?
2
What is the units digit of 860?
0
What is the thousands digit of 3648?
3
What is the hundreds digit of 3741?
7
What is the tens digit of 2405?
0
What is the hundreds digit of 1945?
9
What is the hundreds digit of 8534?
5
What is the ten thousands digit of 29303?
2
What is the hundreds digit of 3002?
0
What is the thousands digit of 54407?
4
What is the units digit of 10710?
0
What is the units digit of 18033?
3
What is the hundreds digit of 195?
1
What is the units digit of 21012?
2
What is the thousands digit of 2049?
2
What is the thousands digit of 2091?
2
What is the hundreds digit of 1531?
5
What is the tens digit of 458?
5
What is the hundreds digit of 24743?
7
What is the hundreds digit of 14026?
0
What is the thousands digit of 4356?
4
What is the units digit of 120388?
8
What is the hundred thousands digit of 156281?
1
What is the tens digit of 3597?
9
What is the units digit of 6729?
9
What is the thousands digit of 1681?
1
What is the units digit of 9836?
6
What is the tens digit of 983?
8
What is the tens digit of 934?
3
What is the units digit of 469?
9
What is the tens digit of 282?
8
What is the tens digit of 7391?
9
What is the units digit of 1887?
7
What is the hundreds digit of 2303?
3
What is the hundreds digit of 6907?
9
What is the hundreds digit of 1718?
7
What is the units digit of 94185?
5
What is the units digit of 1131?
1
What is the tens digit of 1173?
7
What is the thousands digit of 4860?
4
What is the hundreds digit of 575?
5
What is the units digit of 659?
9
What is the thousands digit of 39241?
9
What is the tens digit of 27807?
0
What is the units digit of 2580?
0
What is the tens digit of 21426?
2
What is the hundreds digit of 28511?
5
What is the tens digit of 666?
6
What is the tens digit of 2401?
0
What is the thousands digit of 19784?
9
What is the hundreds digit of 779?
7
What is the tens digit of 81?
8
What is the tens digit of 1358?
5
What is the thousands digit of 23620?
3
What is the thousands digit of 2229?
2
What is the thousands digit of 88601?
8
What is the ten thousands digit of 10034?
1
What is the hundreds digit of 1226?
2
What is the tens digit of 9291?
9
What is the tens digit of 96?
9
What is the units digit of 634?
4
What is the hundreds digit of 320?
3
What is the units digit of 8052?
2
What is the tens digit of 4045?
4
What is the thousands digit of 101388?
1
What is the ten thousands digit of 24511?
2
What is the thousands digit of 11868?
1
What is the units digit of 1535?
5
What is the tens digit of 8700?
0
What is the tens digit of 8746?
4
What is the ten thousands digit of 17024?
1
What is the tens digit of 9202?
0
What is the tens digit of 9945?
4
What is the tens digit of 6812?
1
What is the hundreds digit of 4449?
4
What is the ten thousands digit of 13254?
1
What is the tens digit of 25584?
8
What is the thousands digit of 5400?
5
What is the thousands digit of 4455?
4
What is the units digit of 1029?
9
What is the hundreds digit of 124234?
2
What is the units digit of 69?
9
What is the units digit of 5878?
8
What is the thousands digit of 85701?
5
What is the hundreds digit of 311?
3
What is the tens digit of 24822?
2
What is the units digit of 314?
4
What is the hundreds digit of 24454?
4
What is the tens digit of 159?
5
What is the tens digit of 1020?
2
What is the units digit of 71801?
1
What is the hundreds digit of 241?
2
What is the hundreds digit of 475?
4
What is the tens digit of 540?
4
What is the tens digit of 326?
2
What is the hundreds digit of 11703?
7
What is the thousands digit of 1447?
1
What is the units digit of 932?
2
What is the tens digit of 24791?
9
What is the thousands digit of 16662?
6
What is the tens digit of 23661?
6
What is the thousands digit of 11762?
1
What is the tens digit of 2984?
8
What is the thousands digit of 5933?
5
What is the units digit of 72?
2
What is the units digit of 98473?
3
What is the units digit of 77594?
4
What is the ten thousands digit of 23829?
2
What is the tens digit of 1127?
2
What is the thousands digit of 9103?
9
What is the ten thousands digit of 24812?
2
What is the ten thousands digit of 94420?
9
What is the ten thousands digit of 10562?
1
What is the hundreds digit of 5059?
0
What is the units digit of 3838?
8
What is the tens digit of 9133?
3
What is the hundreds digit of 20182?
1
What is the units digit of 8021?
1
What is the tens digit of 2615?
1
What is the ten thousands digit of 53158?
5
What is the hundreds digit of 5887?
8
What is the tens digit of 932?
3
What is the ten thousands digit of 20648?
2
What is the hundreds digit of 889?
8
What is the tens digit of 2743?
4
What is the units digit of 18301?
1
What is the thousands digit of 100946?
0
What is the tens digit of 2456?
5
What is the hundreds digit of 8971?
9
What is the ten thousands digit of 89628?
8
What is the thousands digit of 1055?
1
What is the ten thousands digit of 45532?
4
What is the tens digit of 67989?
8
What is the tens digit of 15090?
9
What is the units digit of 33359?
9
What is the units digit of 7418?
8
What is the units digit of 129988?
8
What is the tens digit of 6908?
0
What is the thousands digit of 1744?
1
What is the units digit of 28082?
2
What is the tens digit of 2168?
6
What is the hundreds digit of 232?
2
What is the thousands digit of 1492?
1
What is the tens digit of 76771?
7
What is the tens digit of 1962?
6
What is the tens digit of 1865?
6
What is the units digit of 7369?
9
What is the thousands digit of 1209?
1
What is the hundreds digit of 4942?
9
What is the thousands digit of 10322?
0
What is the hundreds digit of 806?
8
What is the tens digit of 1945?
4
What is the tens digit of 2718?
1
What is the tens digit of 614?
1
What is the tens digit of 507?
0
What is the thousands digit of 20787?
0
What is the tens digit of 2332?
3
What is the ten thousands digit of 12651?
1
What is the hundreds digit of 54896?
8
What is the ten thousands digit of 13594?
1
What is the tens digit of 848?
4
What is the hundreds digit of 2703?
7
What is the units digit of 6672?
2
What is the units digit of 1203?
3
What is the ten thousands digit of 17126?
1
What is the hundreds digit of 39601?
6
What is the ten thousands digit of 58559?
5
What is the tens digit of 17499?
9
What is the units digit of 6114?
4
What is the units digit of 1806?
6
What is the ten thousands digit of 10760?
1
What is the tens digit of 1872?
7
What is the hundreds digit of 5291?
2
What is the tens digit of 1842?
4
What is the hundreds digit of 1518?
5
What is the tens digit of 435?
3
What is the thousands digit of 25085?
5
What is the units digit of 43?
3
What is the hundreds digit of 4297?
2
What is the hundreds digit of 881?
8
What is the tens digit of 3130?
3
What is the units digit of 1688?
8
What is the tens digit of 45722?
2
What is the units digit of 17134?
4
What is the units digit of 2103?
3
What is the hundreds digit of 3285?
2
What is the hundreds digit of 1148?
1
What is the thousands digit of 1291?
1
What is the tens digit of 7326?
2
What is the hundreds digit of 1692?
6
What is the units digit of 63281?
1
What is the hundreds digit of 5781?
7
What is the units digit of 16219?
9
What is the thousands digit of 11537?
1
What is the tens digit of 7770?
7
What is the units digit of 18218?
8
What is the hundreds digit of 99120?
1
What is the hundreds digit of 1077?
0
What is the thousands digit of 32177?
2
What is the tens digit of 17925?
2
What is the thousands digit of 147204?
7
What is the hundreds digit of 608?
6
What is the hundreds dig